{"id":41,"date":"2026-01-06T15:30:00","date_gmt":"2026-01-06T13:30:00","guid":{"rendered":"http:\/\/www.kargus-kajaki.pl\/?page_id=41"},"modified":"2026-01-01T15:10:59","modified_gmt":"2026-01-01T13:10:59","slug":"o-nas","status":"publish","type":"page","link":"https:\/\/www.kargowa-kajaki.pl\/?page_id=41","title":{"rendered":"o nas"},"content":{"rendered":"<p style=\"text-align: justify;\"><strong>Nasza<\/strong> firma od 2009 roku zajmuje si\u0119 wypo\u017cyczaniem kajak\u00f3w wraz z ich transportem, na lubuskich szlakach kajakowych &#8211;&nbsp; g\u0142\u00f3wnie&nbsp; na&nbsp; <strong>Obrzycy<\/strong> i jej dop\u0142ywach, <strong>Obrze<\/strong>, <strong>Odrze<\/strong> oraz <strong>Po\u0142udniowym Kanale Obry<\/strong>.&nbsp; Dowieziemy kajaki z naszej stanicy kajakowej w Kargowej w wybrane miejsce rozpocz\u0119cia wodniackiej wyprawy i odbierzemy tam gdzie zdo\u0142acie dop\u0142yn\u0105\u0107 w miejscu z mo\u017cliwym dojazdem samochodu. Zapewniamy bezpieczny parking dla Waszych samochod\u00f3w&nbsp; i odbi\u00f3r kierowc\u00f3w&nbsp; z mety sp\u0142ywu do parkingu. Istnieje mo\u017cliwo\u015b\u0107 biwakowania, zakwaterowania.<\/p>\n<p style=\"text-align: left;\"><strong>Dysponujemy<\/strong>&nbsp; wyprawowymi kajakami 2-osobowymi: Biwok francuskiej firmy DAG, solidnymi polietylenowymi polskiej firmy&nbsp; Roteko (Sprinter I, Sprinter II, Solina) oraz kajakami 1-osobowymi (Traper)&nbsp; wraz z pe\u0142nym wyposa\u017ceniem (wios\u0142a, kamizelki asekuracyjne, siedziska). Cz\u0119\u015b\u0107 kajak\u00f3w posiada luki baga\u017cowe, kt\u00f3re znakomicie zabezpiecz\u0105 podr\u0119czny baga\u017c przed skutkami letniego deszczu lub przed wywrotk\u0105.<\/p>\n<p style=\"text-align: justify;\"><strong>Ofert\u0119<\/strong> kierujemy zar\u00f3wno do ma\u0142ych grup &#8211; rodzinnych, grona przyjaci\u00f3\u0142, szk\u00f3\u0142 oraz zorganizowanych, np. do firm.<\/p>\n<p><strong>Sezon<\/strong> zaczynamy 1 maja a ko\u0144czymy 31. sierpnia.<\/p>\n<address style=\"text-align: left;\">&nbsp;<\/address>\n<address style=\"text-align: left;\">Do zobaczenia na kajakowym szlaku<\/address>\n","protected":false},"excerpt":{"rendered":"<p>Nasza firma od 2009 roku zajmuje si\u0119 wypo\u017cyczaniem kajak\u00f3w wraz z ich transportem, na lubuskich szlakach kajakowych &#8211;&nbsp; g\u0142\u00f3wnie&nbsp; na&nbsp; Obrzycy i jej dop\u0142ywach, Obrze, Odrze oraz Po\u0142udniowym Kanale Obry.&nbsp; Dowieziemy kajaki z naszej stanicy kajakowej w Kargowej w wybrane miejsce rozpocz\u0119cia wodniackiej wyprawy i odbierzemy tam gdzie zdo\u0142acie dop\u0142yn\u0105\u0107 w miejscu z mo\u017cliwym dojazdem [&hellip;]<\/p>\n","protected":false},"author":1,"featured_media":0,"parent":0,"menu_order":0,"comment_status":"closed","ping_status":"closed","template":"","meta":{"ngg_post_thumbnail":0,"footnotes":""},"class_list":["post-41","page","type-page","status-publish","hentry"],"_links":{"self":[{"href":"https:\/\/www.kargowa-kajaki.pl\/index.php?rest_route=\/wp\/v2\/pages\/41","targetHints":{"allow":["GET"]}}],"collection":[{"href":"https:\/\/www.kargowa-kajaki.pl\/index.php?rest_route=\/wp\/v2\/pages"}],"about":[{"href":"https:\/\/www.kargowa-kajaki.pl\/index.php?rest_route=\/wp\/v2\/types\/page"}],"author":[{"embeddable":true,"href":"https:\/\/www.kargowa-kajaki.pl\/index.php?rest_route=\/wp\/v2\/users\/1"}],"replies":[{"embeddable":true,"href":"https:\/\/www.kargowa-kajaki.pl\/index.php?rest_route=%2Fwp%2Fv2%2Fcomments&post=41"}],"version-history":[{"count":55,"href":"https:\/\/www.kargowa-kajaki.pl\/index.php?rest_route=\/wp\/v2\/pages\/41\/revisions"}],"predecessor-version":[{"id":1176,"href":"https:\/\/www.kargowa-kajaki.pl\/index.php?rest_route=\/wp\/v2\/pages\/41\/revisions\/1176"}],"wp:attachment":[{"href":"https:\/\/www.kargowa-kajaki.pl\/index.php?rest_route=%2Fwp%2Fv2%2Fmedia&parent=41"}],"curies":[{"name":"wp","href":"https:\/\/api.w.org\/{rel}","templated":true}]}}